-49) - (-2 + (-7276)/14). Suppose -112 = 10*z - b. Let y = 161 - z. What are the prime factors of y?
2, 3, 5
Suppose -d + 6 - 1 = 0, 0 = -h + 4*d - 17. Suppose -h*g - 611 = -w, -19*w + g = -24*w + 3071. What are the prime factors of w?
2, 307
Let q(d) = d**3 + 7*d**2 + 6*d - 4. Let a be q(-6). Let u be (16/24)/(a/(-30)). Suppose -3*i = -8*i + 5, m - 46 = u*i. What are the prime factors of m?
3, 17
Let o(v) = 20*v**2 - 25*v + 55. Let l be (28/(-12))/((-7)/21). What are the prime factors of o(l)?
2, 5, 43
Suppose 12*g - 21039 = 13737. What are the prime factors of g?
2, 3, 7, 23
Let g(o) = 64*o**2 + 9*o + 18. Let w be -8 - -13 - (-1 - -8). What are the prime factors of g(w)?
2
Suppose 0 = -4*f + 1062 + 17650. Suppose f - 898 = 15*v. List the prime factors of v.
2, 3, 7
Let k be (-10)/(-3)*(-12 + 15). Let f be (-4)/k - (-67)/5. Let d = f + 125. List the prime factors of d.
2, 3, 23
List the prime factors of ((-1994)/1)/(-3 + 152/56).
7, 997
Let x = 10658 + 613. What are the prime factors of x?
3, 13, 17
Let h = 16 - 11. Suppose 2*q = q + h*f - 15, 0 = -4*q + 4*f - 124. Let s = 135 + q. What are the prime factors of s?
2, 5
Suppose 4*t = 5*z + 32, -5*t - z - 16 = -9*t. Suppose -14*i + t*i = -154. List the prime factors of 4/i + 201/7.
29
What are the prime factors of 4/(4/2) + -2 + (10 - -19529)?
3, 13, 167
Let z(g) = -136*g**3 - 15*g**2 - 53*g + 5. List the prime factors of z(-6).
13, 2243
Let o(t) = 9703*t - 2763. List the prime factors of o(4).
13, 47, 59
Let z = 96 + -45. Suppose 53*t = z*t + 728. Let l = t + -199. List the prime factors of l.
3, 5, 11
Let v(y) = y**2 - 3*y - 1. Let l be v(3). What are the prime factors of (l*225)/((-4)/4)?
3, 5
Let t(p) = 14*p**2 - 3*p - 1339. List the prime factors of t(69).
2, 41, 397
Suppose 0 = 5*u + 4*z + 153, -5 = u + 5*z + 13. Let g = 0 - u. Suppose -7*f = -g - 9. List the prime factors of f.
2, 3
Suppose 24*x - 14*x = -30. List the prime factors of 5/((-60)/(-18))*(-908)/x.
2, 227
Let y be 44 + (18 - 16)*(-5)/2. Suppose 36*b = y*b - 111. What are the prime factors of b?
37
Suppose -5*m + 2744 = 9*m. Let c = m - 122. Suppose -s = 2*h - 277, 5*h - 614 - c = -4*s. List the prime factors of h.
2, 5, 7
Let p be 2 + -2 - 1/((-2)/332). Let q be ((-62)/(-6))/((-3)/27). Let v = p + q. List the prime factors of v.
73
Let j(l) = -30*l + 1477. What are the prime factors of j(19)?
907
Let t = 48043 - 29793. What are the prime factors of t?
2, 5, 73
Let v = 30 + -30. Suppose 4*i = 3*d + 295, v = 4*i - 8*d + 4*d - 292. Let c = i + -37. List the prime factors of c.
3, 13
Let d be (-4)/6 + (-8582)/(-21). Let o = -137 + d. List the prime factors of o.
271
Let d = -197 + 199. Suppose 4*j - h = 2253, -1143 = -d*j + 13*h - 18*h. List the prime factors of j.
2, 3, 47
Let s = -61 + 65. Suppose 0*z - s*z = -12. Suppose -41 = -3*l - j + 183, 2*l + z*j = 161. What are the prime factors of l?
73
Let l(v) = -v**3 - 13*v**2 - 5. Suppose 5*t - 47 = 3*a, -t - 40 = -5*a - 111. What are the prime factors of l(a)?
191
Let j = -512 - -484. List the prime factors of (871/21 - (-4)/j)*3.
2, 31
Suppose 5*y + 28*x = 29*x + 25396, y + x - 5084 = 0. What are the prime factors of y?
2, 5, 127
Suppose -5*h = 4*r - 10752, -3*r + 3286 + 4778 = -5*h. Suppose 3*i = -v + 5*v + 2016, -4*i + r = -2*v. What are the prime factors of i?
2, 3, 7
Let w be (-2)/(-1) - (6 - 2). Let i be 3 - ((-22)/(-7) + w/14). Suppose i = v - 51 - 113. What are the prime factors of v?
2, 41
Let j = 136 + -244. Let k(b) = b**3 + b**2 - 4*b - 8. Let z be k(-4). Let q = z - j. What are the prime factors of q?
2, 17
Let s(u) = 19*u**3 + 53*u**2 + 10*u + 1. Let x(n) = 12*n**3 + 35*n**2 + 7*n + 1. Let i(b) = -5*s(b) + 8*x(b). List the prime factors of i(-8).
13, 31
What are the prime factors of 6/15 + (-1504)/160 - -29779?
2, 5, 13, 229
Suppose 0 = z - 7 + 15. Let l(o) = 5*o + 25. Let g(r) = 14*r + 76. Let u(a) = 3*g(a) - 10*l(a). What are the prime factors of u(z)?
2, 3, 7
Let v(l) = 5*l - 12. Let i be v(3). Suppose -i*r + 565 + 410 = 0. What are the prime factors of r?
5, 13
Suppose 0 = -23*q + 20*q + p + 205159, 3*q - 11*p - 205169 = 0. List the prime factors of q.
2, 31, 1103
Let f = 40880 + -27136. List the prime factors of f.
2, 859
Let h(y) = y**2 + 23*y + 81. Let x be h(-40). Suppose -755*r - 1542 = -x*r. What are the prime factors of r?
257
Let c(f) = -2*f - 24. Let b be c(-8). Let i be (-66)/b - 2/(7 + 1). List the prime factors of -3*1 - (-944)/i.
5, 23
Let b(o) = -5932*o - 1171. List the prime factors of b(-8).
5, 9257
Let m(c) = -29 - 5*c - 1 + 2. Let f be m(-16). What are the prime factors of (-4 - -4 - 3) + f?
7
Suppose 0 = -2*h + 1174 + 230. Let u = 1159 - h. List the prime factors of u.
457
Suppose 3*m - 42 = -4*m. Suppose -m*l = -9*l - 717. Let j = l - -377. What are the prime factors of j?
2, 3, 23
Let g = -153 + 157. Suppose -2*z + 4*z = -5*w + 327, 0 = g*z + w - 681. List the prime factors of z.
3, 19
Let u(p) = -p**3 - p**2 + 5*p - 3. Let i be u(-4). Let s = i - 19. Suppose 0*c - 132 = -s*c. What are the prime factors of c?
2, 11
Let c(i) = 8*i**2 - 78*i - 265. List the prime factors of c(43).
11173
Let y(v) = v**3 + 12*v**2 + 4*v + 42. Let n be y(-12). What are the prime factors of 8 + -5 + (3 - n)?
2, 3
Let x be (2*6)/(45/3540) - 3. Suppose -f + 172 = -5*o, -3*o + x = 5*f - o. List the prime factors of f.
11, 17
Let z(b) = -5*b**2 - 657*b + 643. List the prime factors of z(-131).
5, 181
Suppose 0 = -5*i - 0 - 20, -2*i + 8 = -4*b. Let x be (44/(-33))/(b/9). Suppose 0 = x*f - 3, -5*h - f = 8 - 64. What are the prime factors of h?
11
Suppose -p = 5*q - 9 + 25, 0 = 2*q - 3*p + 3. What are the prime factors of 2*(q - -548) + 7 + -8?
3, 11
Let k = 38 - 32. Let i be k/10 - -6*2/5. Suppose -2*f + 216 = i*h, 79 = 3*h + 5*f - 137. What are the prime factors of h?
2, 3
Let r(p) = -3*p**3 - 53*p**2 - 70*p + 11. Let h(n) = 2*n**3 + 35*n**2 + 47*n - 7. Let o(j) = -8*h(j) - 5*r(j). List the prime factors of o(-15).
17, 23
Suppose 16 = 3*c - 65. Suppose -2*x = -3*w + 316 + c, -2*w + 232 = -3*x. List the prime factors of w.
113
What are the prime factors of (60/(-180))/((-1)/87951)?
19, 1543
What are the prime factors of 12327/28*64/6?
2, 587
Let n(k) = 978*k**2 - 5*k - 146. List the prime factors of n(4).
2, 7741
Let l = -18276 - -38469. List the prime factors of l.
3, 53, 127
Suppose 48*k = 47*k + 2. Suppose -4*b = -3*x - k*b + 696, -b - 696 = -3*x. List the prime factors of x.
2, 29
Suppose 0 = -51*f + 45*f + 18. Suppose -3*y - 5*x + 252 + 1368 = 0, -f*x = -9. List the prime factors of y.
5, 107
Let b be 6/21 - ((-5160)/(-28) - 0). Let u = b + 416. List the prime factors of u.
2, 29
Let w(n) = n**2 + n + 15. Let t = 112 + -99. Suppose 17*a - t*a = 28. List the prime factors of w(a).
71
Let l = 207 - 18. Suppose -t - 6*t = l. Let u = 37 - t. List the prime factors of u.
2
Let s be -1 - ((-2)/(-4))/((-1)/(-38)). Let k = s - -14. What are the prime factors of 69 - (k/(-5))/((-2)/(-5))?
2, 3, 11
Let o = -649 + 1318. Let g = 1152 - o. List the prime factors of g.
3, 7, 23
Suppose -10 = -2*o - 2. Suppose 3*s = 3*l + 5*s - 23, 4*l + o*s = 28. Suppose 46 + 98 = l*t. List the prime factors of t.
2
Let t(v) = 4*v**3 - 3*v**2 - 2*v - 20. Let y be t(4). Let i = 363 - y. What are the prime factors of i?
3, 61
Suppose -14*l = 2*z - 19*l - 4141, 0 = 2*z + l - 4123. List the prime factors of z.
2063
Let h(d) = d**2 + d + 123. Let v be (21 + -22)*(1 + (-44)/(-2)). List the prime factors of h(v).
17, 37
Let z = -747 + 1277. Let o = -204 + z. What are the prime factors of o?
2, 163
Suppose -3*t + 64444 = v, 17*v - 22*v + 5*t + 322120 = 0. What are the prime factors of v?
19, 3391
Let p(i) = 2779*i + 2055. What are the prime factors of p(3)?
2, 3, 433
Let p = -41090 - -100078. List the prime factors of p.
2, 14747
Suppose -68 = 5*g - 9*g. Let d = 19 - g. Suppose d*s = -8, -2*x + 65 = -s - 89. List the prime factors of x.
3, 5
Let s(y) be the first derivative of -121*y**2/2 - 270*y - 102. What are the prime factors of s(-14)?
2, 89
Let r = -7808 - -12357. What are the prime factors of r?
4549
Suppose -4*s + 8 = 3*c + 3, s = -2*c. Suppose s*d + 4*i = 304, 2*i - 277 = -3*d + 171. List the prime factors of d.
2, 37
Let q(n) = n**2 - 4*n - 16. Let b be q(8). Suppose -b*w - 8*w + 504 = 0. 